Calculate the highest common divisor of 37 and 148.
37
What is the greatest common factor of 40923 and 9?
9
What is the highest common factor of 112 and 56?
56
Calculate the highest common divisor of 4864 and 384.
128
Calculate the greatest common factor of 550 and 176.
22
Calculate the greatest common divisor of 143 and 130.
13
Calculate the greatest common factor of 56457 and 17.
17
What is the highest common divisor of 11 and 9691?
11
Calculate the greatest common factor of 27 and 1269.
27
Calculate the greatest common factor of 128 and 604.
4
Calculate the greatest common divisor of 232 and 40136.
232
What is the highest common divisor of 55 and 1595?
55
What is the highest common divisor of 288 and 9?
9
What is the highest common factor of 72 and 3576?
24
What is the highest common factor of 3751 and 121?
121
What is the greatest common factor of 324 and 72?
36
What is the greatest common divisor of 8 and 5?
1
What is the greatest common factor of 102 and 408?
102
What is the greatest common divisor of 220 and 297?
11
Calculate the greatest common divisor of 136 and 17.
17
What is the greatest common divisor of 1417 and 1526?
109
Calculate the highest common divisor of 5890 and 310.
310
What is the greatest common factor of 32 and 32?
32
Calculate the highest common divisor of 2431 and 572.
143
Calculate the highest common factor of 286 and 338.
26
What is the highest common divisor of 72 and 40?
8
Calculate the greatest common divisor of 286 and 22.
22
What is the greatest common factor of 65 and 1495?
65
Calculate the greatest common divisor of 81876 and 12.
12
Calculate the greatest common factor of 56 and 600.
8
What is the highest common divisor of 19 and 1?
1
What is the highest common factor of 172 and 602?
86
Calculate the greatest common factor of 370 and 140.
10
Calculate the greatest common divisor of 4662 and 378.
126
Calculate the greatest common factor of 1952 and 32.
32
Calculate the highest common factor of 1256 and 32.
8
Calculate the highest common factor of 13920 and 58.
58
What is the highest common factor of 63 and 38997?
63
Calculate the greatest common factor of 41 and 1927.
41
What is the highest common divisor of 375 and 1250?
125
Calculate the greatest common factor of 436 and 3161.
109
Calculate the greatest common divisor of 1290 and 43.
43
What is the greatest common divisor of 32 and 352?
32
What is the highest common divisor of 328 and 41?
41
Calculate the highest common factor of 448 and 280.
56
Calculate the greatest common factor of 147 and 49.
49
What is the highest common factor of 7850 and 50?
50
Calculate the highest common factor of 213 and 497.
71
Calculate the highest common divisor of 1 and 121.
1
What is the greatest common divisor of 20 and 110?
10
Calculate the greatest common factor of 7 and 623.
7
What is the greatest common divisor of 455 and 140?
35
What is the highest common factor of 99 and 44?
11
What is the greatest common factor of 952 and 2520?
56
Calculate the greatest common factor of 4225 and 125.
25
Calculate the highest common divisor of 988 and 416.
52
Calculate the highest common factor of 6 and 537.
3
Calculate the greatest common divisor of 5 and 985.
5
What is the greatest common divisor of 24 and 36?
12
What is the greatest common factor of 133 and 1349?
19
What is the highest common factor of 1725 and 253?
23
Calculate the greatest common factor of 171 and 18.
9
Calculate the greatest common factor of 35 and 25.
5
What is the highest common factor of 792 and 1386?
198
What is the greatest common divisor of 14 and 32?
2
What is the greatest common divisor of 176 and 33?
11
Calculate the highest common divisor of 1296 and 90.
18
Calculate the highest common factor of 78 and 7865.
13
Calculate the highest common divisor of 36 and 1332.
36
What is the greatest common divisor of 9291 and 342?
57
Calculate the greatest common factor of 1990 and 20.
10
Calculate the greatest common factor of 8 and 232.
8
What is the highest common divisor of 1452 and 24?
12
What is the highest common divisor of 245 and 441?
49
Calculate the greatest common factor of 182 and 936.
26
Calculate the greatest common factor of 27 and 1.
1
What is the highest common divisor of 168 and 224?
56
Calculate the highest common factor of 546 and 9.
3
Calculate the highest common divisor of 284 and 213.
71
Calculate the greatest common divisor of 10444 and 56.
28
Calculate the greatest common factor of 76 and 16188.
76
What is the highest common factor of 6240 and 468?
156
What is the greatest common factor of 192 and 9024?
192
What is the highest common divisor of 77 and 35?
7
What is the highest common factor of 6 and 45?
3
What is the greatest common factor of 900 and 25?
25
What is the highest common divisor of 4378 and 22?
22
Calculate the highest common divisor of 715 and 325.
65
What is the greatest common divisor of 6 and 2514?
6
What is the greatest common divisor of 533 and 65?
13
What is the highest common divisor of 2242 and 118?
118
Calculate the greatest common divisor of 549 and 9.
9
What is the highest common factor of 100 and 15020?
20
Calculate the highest common factor of 4026 and 363.
33
What is the highest common divisor of 77 and 1925?
77
What is the greatest common factor of 93 and 217?
31
What is the greatest common factor of 62 and 775?
31
Calculate the greatest common factor of 1316 and 280.
28
Calculate the greatest common divisor of 580 and 100.
20
Calculate the greatest common divisor of 72 and 990.
18
What is the greatest common divisor of 7 and 217?
7
What is the greatest common factor of 4 and 7616?
4
What is the greatest common factor of 675 and 15?
15
Calculate the highest common factor of 13662 and 54.
54
What is the highest common factor of 200 and 25?
25
Calculate the highest common divisor of 161 and 70.
7
Calculate the highest common factor of 70 and 9310.
70
What is the greatest common divisor of 7840 and 160?
160
What is the greatest common factor of 850 and 750?
50
Calculate the highest common divisor of 708 and 384.
12
Calculate the highest common factor of 319 and 44.
11
Calculate the highest common factor of 80 and 820.
20
Calculate the greatest common factor of 3549 and 42.
21
Calculate the greatest common divisor of 2516 and 272.
68
Calculate the highest common divisor of 156 and 208.
52
What is the greatest common factor of 7387 and 267?
89
What is the highest common divisor of 3 and 75?
3
What is the greatest common factor of 24706 and 176?
22
Calculate the greatest common factor of 1083 and 570.
57
Calculate the highest common factor of 594 and 360.
18
What is the highest common divisor of 1767 and 31?
31
What is the greatest common divisor of 3317 and 31?
31
What is the highest common factor of 40 and 64?
8
What is the greatest common divisor of 30 and 14?
2
What is the greatest common factor of 186 and 822?
6
What is the highest common divisor of 992 and 62?
62
What is the greatest common factor of 575 and 989?
23
What is the highest common divisor of 45 and 15?
15
Calculate the highest common divisor of 8196 and 12.
12
What is the greatest common factor of 252 and 288?
36
Calculate the greatest common divisor of 410 and 82.
82
Calculate the highest common factor of 6 and 1329.
3
What is the greatest common divisor of 533 and 41?
41
What is the highest common factor of 151 and 453?
151
What is the greatest common factor of 665 and 315?
35
What is the greatest common factor of 957 and 87?
87
Calculate the highest common factor of 89 and 1.
1
What is the highest common divisor of 6 and 114?
6
Calculate the greatest common factor of 5365 and 435.
145
Calculate the greatest common divisor of 2388 and 156.
12
What is the highest common divisor of 28 and 350?
14
Calculate the greatest common factor of 4582 and 406.
58
Calculate the greatest common divisor of 130 and 160.
10
Calculate the greatest common factor of 968 and 88.
88
Calculate the greatest common divisor of 140 and 2065.
35
Calculate the highest common divisor of 86 and 9718.
86
What is the highest common factor of 5 and 305?
5
What is the greatest common divisor of 10 and 265?
5
What is the highest common factor of 36840 and 5?
5
What is the highest common factor of 98 and 14?
14
Calculate the highe